hen 489781 is divided by 38.
37
Calculate the remainder when 77389 is divided by 115.
109
Calculate the remainder when 12283 is divided by 3.
1
Calculate the remainder when 31548 is divided by 232.
228
Calculate the remainder when 38794 is divided by 114.
34
What is the remainder when 17214 is divided by 17133?
81
What is the remainder when 13454 is divided by 123?
47
Calculate the remainder when 5506 is divided by 229.
10
Calculate the remainder when 866 is divided by 135.
56
What is the remainder when 20349 is divided by 16?
13
Calculate the remainder when 55065 is divided by 28.
17
Calculate the remainder when 168077 is divided by 458.
449
What is the remainder when 57503 is divided by 83?
67
What is the remainder when 10423 is divided by 227?
208
Calculate the remainder when 9877 is divided by 47.
7
Calculate the remainder when 3016 is divided by 63.
55
Calculate the remainder when 9395 is divided by 91.
22
Calculate the remainder when 62261 is divided by 310.
261
Calculate the remainder when 898 is divided by 426.
46
Calculate the remainder when 71913 is divided by 58.
51
What is the remainder when 8507 is divided by 21?
2
Calculate the remainder when 28194 is divided by 2560.
34
What is the remainder when 9712 is divided by 7?
3
Calculate the remainder when 1620 is divided by 127.
96
Calculate the remainder when 108518 is divided by 54201.
116
What is the remainder when 52608 is divided by 6576?
0
What is the remainder when 770 is divided by 463?
307
What is the remainder when 188495 is divided by 7539?
20
Calculate the remainder when 9472 is divided by 164.
124
What is the remainder when 16533 is divided by 77?
55
Calculate the remainder when 127458 is divided by 129.
6
Calculate the remainder when 196752 is divided by 1009.
1006
Calculate the remainder when 4863 is divided by 189.
138
What is the remainder when 374 is divided by 219?
155
What is the remainder when 4480 is divided by 34?
26
Calculate the remainder when 5115 is divided by 221.
32
What is the remainder when 6976 is divided by 20?
16
Calculate the remainder when 471106 is divided by 12.
10
What is the remainder when 3515 is divided by 2631?
884
What is the remainder when 539 is divided by 21?
14
What is the remainder when 21704 is divided by 805?
774
Calculate the remainder when 3591 is divided by 197.
45
Calculate the remainder when 14539 is divided by 404.
399
Calculate the remainder when 295469 is divided by 1870.
9
What is the remainder when 85960 is divided by 59?
56
What is the remainder when 4664 is divided by 245?
9
Calculate the remainder when 2631 is divided by 147.
132
Calculate the remainder when 27644 is divided by 79.
73
Calculate the remainder when 3524817 is divided by 20.
17
What is the remainder when 1088 is divided by 28?
24
Calculate the remainder when 5101 is divided by 937.
416
Calculate the remainder when 2181 is divided by 27.
21
Calculate the remainder when 176933 is divided by 6100.
33
What is the remainder when 564309 is divided by 1271?
1256
Calculate the remainder when 15994 is divided by 1044.
334
What is the remainder when 45830 is divided by 22901?
28
What is the remainder when 297451 is divided by 5041?
32
Calculate the remainder when 3789859 is divided by 20.
19
What is the remainder when 962 is divided by 125?
87
What is the remainder when 6845 is divided by 540?
365
Calculate the remainder when 26206 is divided by 846.
826
Calculate the remainder when 1700564 is divided by 7.
5
What is the remainder when 67584 is divided by 20?
4
What is the remainder when 4702 is divided by 810?
652
Calculate the remainder when 37707 is divided by 839.
791
What is the remainder when 8885 is divided by 2957?
14
What is the remainder when 1042 is divided by 61?
5
What is the remainder when 49738 is divided by 38?
34
What is the remainder when 3116 is divided by 3061?
55
Calculate the remainder when 20156 is divided by 96.
92
Calculate the remainder when 24528 is divided by 117.
75
Calculate the remainder when 5532 is divided by 111.
93
Calculate the remainder when 4695 is divided by 2318.
59
Calculate the remainder when 126652 is divided by 23.
14
What is the remainder when 11720 is divided by 159?
113
What is the remainder when 9160 is divided by 8942?
218
Calculate the remainder when 9982 is divided by 1655.
52
Calculate the remainder when 1922135 is divided by 12.
11
What is the remainder when 17456 is divided by 214?
122
Calculate the remainder when 2863 is divided by 463.
85
What is the remainder when 9557 is divided by 129?
11
Calculate the remainder when 88446 is divided by 290.
286
What is the remainder when 380942 is divided by 173?
169
What is the remainder when 1778739 is divided by 31?
21
What is the remainder when 29393 is divided by 172?
153
What is the remainder when 8522 is divided by 1698?
32
Calculate the remainder when 14774 is divided by 132.
122
Calculate the remainder when 17568 is divided by 145.
23
What is the remainder when 5648 is divided by 1644?
716
What is the remainder when 133300 is divided by 713?
682
Calculate the remainder when 6261 is divided by 31.
30
What is the remainder when 80278 is divided by 255?
208
What is the remainder when 2530 is divided by 592?
162
Calculate the remainder when 657094 is divided by 6.
4
What is the remainder when 9855 is divided by 466?
69
What is the remainder when 286483 is divided by 269?
267
What is the remainder when 7113 is divided by 338?
15
What is the remainder when 89416 is divided by 739?
736
Calculate the remainder when 74352 is divided by 15.
12
What is the remainder when 197 is divided by 9?
8
Calculate the remainder when 7587 is divided by 7411.
176
Calculate the remainder when 7611 is divided by 125.
111
Calculate the remainder when 1349 is divided by 66.
29
Calculate the remainder when 1775 is divided by 1690.
85
Calculate the remainder when 8552 is divided by 2846.
14
Calculate the remainder when 51558 is divided by 25755.
48
Calculate the remainder when 6073 is divided by 53.
31
What is the remainder when 465528 is divided by 1998?
1992
Calculate the remainder when 8834 is divided by 124.
30
What is the remainder when 14984 is divided by 2495?
14
Calculate the remainder when 376031 is divided by 188014.
3
Calculate the remainder when 1720 is divided by 309.
175
What is the remainder when 7260 is divided by 3618?
24
What is the remainder when 1083 is divided by 856?
227
Calculate the remainder when 9918 is divided by 3.
0
What is the remainder when 77366 is divided by 17?
16
What is the remainder when 1313 is divided by 177?
74
Calculate the remainder when 12473 is divided by 4152.
17
Calculate the remainder when 66394 is divided by 4148.
26
What is the remainder when 47670 is divided by 48?
6
What is the remainder when 9190 is divided by 573?
22
Calculate the remainder when 359 is divided by 95.
74
What is the remainder when 193 is divided by 157?
36
What is the remainder when 44080 is divided by 44058?
22
What is the remainder when 166 is divided by 128?
38
Calculate the remainder when 189156 is divided by 51.
48
Calculate the remainder when 814625 is divided by 501.
500
Calculate the remainder when 93591 is divided by 48.
39
What is the remainder when 1704 is divided by 147?
87
What is the remainder when 6675 is divided by 605?
20
What is the remainder when 71 is divided by 54?
17
What is the remainder when 201451 is divided by 2550?
1
Calculate the remainder when 81966 is divided by 20486.
22
What is the remainder when 10202 is divided by 5093?
16
What is the remainder when 18189 is divided by 823?
83
Calculate the remainder when 21714 is divided by 21702.
12
Calculate the remainder when 8263 is divided by 1638.
73
Calculate the remainder when 2868 is divided by 397.
89
What is the remainder when 890313 is divided by 34?
23
Calculate the remainder when 2930 is divided by 138.
32
What is the remainder when 6214 is divided by 416?
390
What is the remainder when 497199 is divided by 16?
15
Calculate the remainder when 24202 is divided by 13.
9
Calculate the remainder when 43267 is divided by 4766.
373
Calculate the remainder when 75357 is divided by 11.
7
What is the remainder when 95053 is divided by 4320?
13
Calculate the remainder when 1216 is divided by 476.
264
Wh